00000100001000110
2561b7 (base 16) to base 10
2449847
-102012202020 (base 3) to base 11
-140900
What is -2872221 (base 9) in base 11?
-991236
-316518 (base 9) to base 14
-4c9a8
What is -257050 (base 8) in base 14?
-2494c
What is 278251 (base 10) in base 7?
2236141
Convert -1969988 (base 11) to base 7.
-40144135
-14424312013 (base 5) to base 8
-111707241
Convert acbc0b (base 13) to base 5.
2021104433
Convert -16b0b5a (base 13) to base 12.
-2575528
Convert 2303423 (base 6) to base 13.
415c5
Convert 12877b (base 14) to base 3.
1012102021221
What is -966343 (base 10) in base 13?
-27ab01
Convert -11010100110010 (base 2) to base 7.
-54463
What is 33410 (base 7) in base 4?
2003303
Convert -14353764 (base 8) to base 14.
-61060c
What is 361255 (base 10) in base 16?
58327
-12057253 (base 8) to base 12
-a7708b
3adc47 (base 14) to base 5
1010120334
50105 (base 8) to base 7
113624
Convert 1245251 (base 8) to base 15.
6cb48
Convert 135921 (base 11) to base 10.
212741
What is 10153500 (base 7) in base 13?
23b70a
Convert -ac69da (base 14) to base 6.
-325314432
What is -20023333 (base 6) in base 8?
-2114051
63573 (base 14) to base 4
322203001
Convert -265782 (base 11) to base 16.
-65f04
What is -2330576 (base 8) in base 14?
-12771c
What is -13131021232 (base 4) in base 7?
-22420000
17460 (base 10) to base 2
100010000110100
Convert -264760 (base 9) to base 4.
-213103221
-22944 (base 14) to base 16
-148b0
Convert -5204 (base 13) to base 9.
-16475
110011010110011111001 (base 2) to base 8
6326371
1101010222201 (base 3) to base 6
23401031
What is 400533 (base 7) in base 12?
33089
-38a24 (base 13) to base 10
-104979
What is -1001333 (base 7) in base 3?
-20000002102
Convert -1201530103 (base 6) to base 14.
-1b2162b
Convert 49564 (base 13) to base 5.
13304234
1162230 (base 8) to base 3
121021212110
Convert -3057124 (base 11) to base 2.
-10100100101101101101000
-15313541 (base 6) to base 13
-15b26c
120143 (base 5) to base 7
15616
-103241 (base 10) to base 3
-12020121202
Convert -262323 (base 9) to base 4.
-212313102
Convert 1087050 (base 9) to base 14.
11496d
-706368 (base 9) to base 5
-101334042
Convert 85b36 (base 12) to base 4.
223000122
Convert -1212102101001 (base 3) to base 13.
-289957
What is -110001001111110000011 (base 2) in base 4?
-12021332003
What is 505240001 (base 6) in base 9?
17246401
146834 (base 10) to base 3
21110102022
-204939 (base 12) to base 2
-1111011100000111101
What is -37560b (base 14) in base 11?
-1086510
What is 2002101120022 (base 3) in base 2?
100001110111110111111
Convert -21412b (base 14) to base 7.
-12364454
-253604 (base 9) to base 8
-453754
1002323120 (base 4) to base 12
112788
What is -3002a6 (base 16) in base 11?
-1859a3a
Convert -13100 (base 5) to base 11.
-852
1000010111110010010111 (base 2) to base 9
4114355
Convert -125810 (base 13) to base 9.
-741548
-3311332202 (base 4) to base 8
-3657642
-1ad8a70 (base 14) to base 2
-110011001111000110011010
What is 120021002121 (base 3) in base 10?
300418
What is -1a77c (base 15) in base 14?
-23519
What is 100100122112 (base 3) in base 8?
547565
1121220220102 (base 3) to base 15
12124e
-b5970 (base 12) to base 14
-62ac4
2124145 (base 6) to base 8
314241
Convert 5362955 (base 11) to base 4.
203332320213
Convert 21201220011 (base 3) to base 8.
451334
What is -b31516 (base 14) in base 15?
-7e3271
-1101000421 (base 5) to base 14
-455c2a
What is 16200880 (base 9) in base 8?
36671501
Convert 172aa (base 14) to base 7.
331403
Convert -3251115 (base 9) to base 4.
-12222102002
Convert 100110100100101010100 (base 2) to base 14.
24c8a8
2213162 (base 8) to base 11
377508
Convert 9064 (base 11) to base 2.
10111100010001
Convert -373752 (base 8) to base 11.
-88a15
Convert -41341350 (base 6) to base 2.
-100100011110100000010
Convert -2011212201102 (base 3) to base 7.
-12564506
What is 144100 (base 9) in base 13?
31257
-1a9727 (base 11) to base 5
-40222231
-75842 (base 13) to base 8
-636536
1973827 (base 10) to base 8
7417103
Convert -2838921 (base 10) to base 2.
-1010110101000110001001
-181432 (base 13) to base 14
-1198d9
Convert -20003231311 (base 4) to base 2.
-1000000011101101110101
What is 38168 (base 11) in base 15?
11361
-100001001100111110001 (base 2) to base 3
-2001021102202
-20556a (base 15) to base 9
-2802141
Convert -2114413030 (base 5) to base 14.
-83c139
-1747823 (base 10) to base 5
-421412243
What is -177342c (base 14) in base 15?
-1038c4c
What is 210320003 (base 4) in base 6?
3123135
Convert -111111000011011010101 (base 2) to base 3.
-10212222012110
53201 (base 11) to base 4
102322001
Convert 102975 (base 11) to base 2.
101000010000010100
Convert 232863 (base 9) to base 2.
100010001010101000
What is -2313115 (base 7) in base 4?
-1012212322
-202030120 (base 4) to base 13
-4b997
1111411323 (base 5) to base 13
67a700
Convert -1443004212 (base 5) to base 4.
-32302023211
2525113 (base 9) to base 6
45245403
-255c86 (base 13) to base 4
-3123113102
What is -121100101110 (base 3) in base 11?
-1aa82a
Convert -235101 (base 6) to base 10.
-20557
Convert 17861 (base 13) to base 16.
b13b
-205134606 (base 7) to base 2
-101110010100101110101001
Convert 105546401 (base 7) to base 4.
120212130230
Convert 3215169 (base 10) to base 7.
36220446
What is -11341405 (base 7) in base 3?
-1212220011021
Convert 147303 (base 8) to base 7.
310214
What is 229235 (base 11) in base 4?
1120301323
Convert -1302a8 (base 11) to base 3.
-101102122222
What is 21103021 (base 5) in base 3?
22220120210
What is 300466 (base 9) in base 2?
101011010101111011
What is 23220203021 (base 4) in base 16?
2e88c9
Convert 7959 (base 11) to base 9.
15323
2140130 (base 5) to base 13
13a58
12010224413 (base 5) to base 15
131b723
-415781 (base 10) to base 11
-264423
33321111 (base 4) to base 6
1221233
-11484231 (base 9) to base 5
-2413344300
Convert 14444 (base 11) to base 5.
1123442
-1001011011011101100 (base 2) to base 6
-10342232
-d1ece8 (base 15) to base 2
-100110000010101110111100
Convert 72cfff (base 16) to base 8.
34547777
Convert 146751 (base 8) to base 15.
10943
Convert 11010100010000100000 (base 2) to base 11.
544221
What is -111112110011 (base 3) in base 9?
-445404
1112012012120 (base 3) to base 6
25213410
What is 8b47f (base 16) in base 4?
2023101333
What is 66322254 (base 7) in base 13?
1248b97
101101000101010000 (base 2) to base 7
1366233
176678 (base 11) to base 2
1000010011111001111
Convert -253535551 (base 6) to base 3.
-100022010102211
-1101022102 (base 4) to base 6
-11043014
Convert -28500335 (base 9) to base 15.
-138b95b
Convert -9139 (base 13) to base 4.
-10320112
Convert -b976c (base 15) to base 4.
-2033301333
What is -23aacc (base 16) in base 6?
-122033404
What is 102010002 (base 4) in base 6?
1330310
84c896 (base 15) to base 13
1403814
Convert -22022123 (base 4) to base 15.
-c502
What is 50550 (base 10) in base 7?
300243
What is -4062233 (base 7) in base 16?
-769b2
-63265 (base 9) to base 2
-1010001100101110
-570ec (base 16) to base 12
-152438
What is -241443 (base 9) in base 16?
-2381a
Convert -1007a81 (base 11) to base 5.
-424012202
What is 1376bb (base 12) in base 6?
10540355
Convert 24134230 (base 5) to base 9.
371628
-1234b (base 13) to base 5
-2033100
What is -10221221 (base 5) in base 3?
-11100201012
17a827 (base 13) to base 4
2101022033
Convert -5783222 (base 9) to base 15.
-41b0a5
111100111010000001110 (base 2) to base 16
1e740e
201313333012 (base 4) to base 6
514155234
What is 534a72 (base 14) in base 10?
2817404
Convert -102220212121 (base 3) to base 8.
-712226
Convert c775 (base 16) to base 10.
51061
What is 13320101333 (base 4) in base 3?
10212221101022
What is -2da70 (base 15) in base 8?
-440030
What is -25b947 (base 12) in base 9?
-1146731
Convert -12122303121 (base 4) to base 16.
-19acd9
Convert 134316154 (base 7) to base 10.
8760994
-56319 (base 14) to base 6
-4252151
476813 (base 9) to base 4
1012012311
Convert -1548120 (base 9) to base 5.
-204440421
Convert 611707 (base 9) to base 3.
200101210021
-12102112212 (base 3) to base 12
-519ab
174628 (base 15) to base 7
12410330
Convert 24ac9 (base 15) to base 5.
12222224
-228666 (base 9) to base 15
-2ab83
What is 521500 (base 9) in base 3?
120201120000
-244440223 (base 6) to base 15
-62d2a0
-15475560 (base 9) to base 13
-17a6a47
Convert -1549 (base 11) to b